80449 is divided by 1890.
1879
Calculate the remainder when 2658993 is divided by 3603.
3582
Calculate the remainder when 4110864 is divided by 148.
16
What is the remainder when 14418754 is divided by 576750?
4
What is the remainder when 21938744 is divided by 5347?
3
Calculate the remainder when 766581849 is divided by 3246.
3243
What is the remainder when 3650236 is divided by 44?
40
Calculate the remainder when 15008108 is divided by 189.
185
What is the remainder when 74300 is divided by 2006?
78
What is the remainder when 46615 is divided by 9221?
510
What is the remainder when 3341217 is divided by 718?
363
What is the remainder when 7406249 is divided by 3703123?
3
What is the remainder when 94572804 is divided by 591080?
4
What is the remainder when 63569 is divided by 31723?
123
What is the remainder when 115601219 is divided by 7706747?
14
Calculate the remainder when 5882781 is divided by 2307.
2238
Calculate the remainder when 158805 is divided by 10572.
225
What is the remainder when 62645 is divided by 14407?
5017
Calculate the remainder when 31352 is divided by 844.
124
Calculate the remainder when 13096063 is divided by 6345.
6328
What is the remainder when 4910373 is divided by 155?
128
Calculate the remainder when 317913 is divided by 317739.
174
Calculate the remainder when 198391524 is divided by 91509.
12
Calculate the remainder when 5106973 is divided by 1465.
1448
What is the remainder when 91073 is divided by 1858?
31
What is the remainder when 1753484 is divided by 295?
4
Calculate the remainder when 41396036 is divided by 46.
38
Calculate the remainder when 13656029 is divided by 1950854.
51
What is the remainder when 8213656 is divided by 631771?
633
What is the remainder when 58370 is divided by 239?
54
Calculate the remainder when 101458 is divided by 120.
58
What is the remainder when 1217768 is divided by 6944?
2568
Calculate the remainder when 10732436 is divided by 518.
512
What is the remainder when 45291 is divided by 302?
293
What is the remainder when 91293 is divided by 6482?
545
Calculate the remainder when 44067 is divided by 2178.
507
Calculate the remainder when 11496106 is divided by 497.
496
Calculate the remainder when 16710534 is divided by 1655.
1654
Calculate the remainder when 19958 is divided by 9786.
386
What is the remainder when 3815328 is divided by 2286?
2280
Calculate the remainder when 408691 is divided by 8009.
232
What is the remainder when 34415779 is divided by 747?
742
Calculate the remainder when 67256 is divided by 12229.
6111
Calculate the remainder when 2295194 is divided by 3885.
3044
Calculate the remainder when 39051466 is divided by 91.
90
What is the remainder when 1038569 is divided by 12?
5
What is the remainder when 93493 is divided by 10387?
10
Calculate the remainder when 32409 is divided by 1087.
886
Calculate the remainder when 11564639 is divided by 3291.
65
Calculate the remainder when 104677584 is divided by 460.
444
What is the remainder when 524981 is divided by 131239?
25
Calculate the remainder when 206236646 is divided by 137.
134
Calculate the remainder when 936348 is divided by 1907.
11
Calculate the remainder when 593895950 is divided by 5512.
5510
Calculate the remainder when 1013677971 is divided by 3157.
3155
Calculate the remainder when 216820 is divided by 2069.
1644
Calculate the remainder when 140145 is divided by 15164.
3669
Calculate the remainder when 15808 is divided by 84.
16
What is the remainder when 52509 is divided by 51999?
510
What is the remainder when 3745006 is divided by 84?
34
Calculate the remainder when 10201349 is divided by 408045.
224
What is the remainder when 219288 is divided by 31?
25
What is the remainder when 21365 is divided by 1449?
1079
Calculate the remainder when 355516 is divided by 2939.
2836
Calculate the remainder when 732598 is divided by 76.
34
Calculate the remainder when 2825232 is divided by 1939.
109
Calculate the remainder when 133019 is divided by 112.
75
What is the remainder when 17992739 is divided by 2249077?
123
What is the remainder when 4486942 is divided by 1495608?
118
What is the remainder when 8824682 is divided by 2385?
182
Calculate the remainder when 462901 is divided by 6518.
123
What is the remainder when 389491 is divided by 1036?
991
Calculate the remainder when 60558367 is divided by 149.
148
Calculate the remainder when 12102934 is divided by 1688.
1662
What is the remainder when 663699 is divided by 54?
39
Calculate the remainder when 2213864 is divided by 88554.
14
Calculate the remainder when 192437 is divided by 34449.
20192
Calculate the remainder when 8247991 is divided by 6277.
13
What is the remainder when 15785938 is divided by 198?
190
What is the remainder when 754524 is divided by 17547?
3
What is the remainder when 11060445 is divided by 68273?
219
Calculate the remainder when 717870 is divided by 66.
54
Calculate the remainder when 215124253 is divided by 25.
3
What is the remainder when 155208 is divided by 2587?
2575
What is the remainder when 7029348 is divided by 819?
690
What is the remainder when 37427410 is divided by 1454?
1450
Calculate the remainder when 621000 is divided by 2340.
900
What is the remainder when 3845187 is divided by 5477?
333
What is the remainder when 3041562 is divided by 87?
42
What is the remainder when 279998037 is divided by 36?
9
Calculate the remainder when 13669188 is divided by 170.
168
Calculate the remainder when 14507 is divided by 317.
242
Calculate the remainder when 453449989 is divided by 659.
656
What is the remainder when 40495 is divided by 7828?
1355
Calculate the remainder when 25006 is divided by 2316.
1846
Calculate the remainder when 2565883 is divided by 69348.
7
Calculate the remainder when 1722462 is divided by 18.
6
Calculate the remainder when 2787923 is divided by 800.
723
What is the remainder when 1501286 is divided by 1133?
61
Calculate the remainder when 1796838 is divided by 1796815.
23
Calculate the remainder when 1878359 is divided by 433.
5
What is the remainder when 14084963 is divided by 14084962?
1
Calculate the remainder when 989543 is divided by 62.
23
What is the remainder when 368367 is divided by 1190?
657
What is the remainder when 1431113 is divided by 8468?
21
Calculate the remainder when 112824875 is divided by 56412434.
7
Calculate the remainder when 55835148 is divided by 54.
12
What is the remainder when 12081 is divided by 5965?
151
Calculate the remainder when 982145 is divided by 706.
99
What is the remainder when 91481607 is divided by 6483?
6477
Calculate the remainder when 305434 is divided by 11744.
90
Calculate the remainder when 8519545 is divided by 3709.
3681
What is the remainder when 3019304 is divided by 11?
2
What is the remainder when 157295 is divided by 156928?
367
What is the remainder when 7639304 is divided by 167?
56
Calculate the remainder when 41357 is divided by 622.
305
What is the remainder when 18386 is divided by 9066?
254
What is the remainder when 248636 is divided by 11301?
14
Calculate the remainder when 1178612 is divided by 58906.
492
What is the remainder when 20133 is divided by 1702?
1411
What is the remainder when 2828206 is divided by 403978?
360
What is the remainder when 14401783 is divided by 446?
443
What is the remainder when 22170 is divided by 2974?
1352
Calculate the remainder when 4277552 is divided by 1564.
12
What is the remainder when 114511001 is divided by 3948655?
6
What is the remainder when 24678768 is divided by 12339267?
234
What is the remainder when 533229 is divided by 533224?
5
Calculate the remainder when 1077551 is divided by 907.
35
What is the remainder when 1457905 is divided by 291580?
5
What is the remainder when 333775 is divided by 30295?
530
What is the remainder when 829302 is divided by 570?
522
Calculate the remainder when 18057379 is divided by 135.
49
Calculate the remainder when 189281 is divided by 188654.
627
Calculate the remainder when 324673006 is divided by 64934600.
6
What is the remainder when 1376544 is divided by 37200?
144
What is the remainder when 18278224 is divided by 273?
55
What is the remainder when 3397512 is divided by 679494?
42
What is the remainder when 2275333 is divided by 1939?
886
Ca